{"id":1873,"date":"2023-10-28T21:07:19","date_gmt":"2023-10-28T19:07:19","guid":{"rendered":"https:\/\/www.artoisculturenature.fr\/?post_type=interview&#038;p=1873"},"modified":"2023-10-28T21:09:21","modified_gmt":"2023-10-28T19:09:21","slug":"flavien-ryckelynck-coiffeur-perruquier","status":"publish","type":"interview","link":"https:\/\/www.artoisculturenature.fr\/en\/interview\/flavien-ryckelynck-coiffeur-perruquier\/","title":{"rendered":"Flavien Ryckelynck (coiffeur, perruquier)"},"content":{"rendered":"<div data-elementor-type=\"wp-post\" data-elementor-id=\"1873\" class=\"elementor elementor-1873\" data-elementor-post-type=\"interview\">\n\t\t\t\t\t\t<section class=\"elementor-section elementor-top-section elementor-element elementor-element-4d154edb elementor-section-boxed elementor-section-height-default elementor-section-height-default\" data-id=\"4d154edb\" data-element_type=\"section\" data-e-type=\"section\">\n\t\t\t\t\t\t<div class=\"elementor-container elementor-column-gap-default\">\n\t\t\t\t\t<div class=\"elementor-column elementor-col-100 elementor-top-column elementor-element elementor-element-7b905884\" data-id=\"7b905884\" data-element_type=\"column\" data-e-type=\"column\">\n\t\t\t<div class=\"elementor-widget-wrap elementor-element-populated\">\n\t\t\t\t\t\t<div class=\"elementor-element elementor-element-500de6cc elementor-widget elementor-widget-spacer\" data-id=\"500de6cc\" data-element_type=\"widget\" data-e-type=\"widget\" data-widget_type=\"spacer.default\">\n\t\t\t\t<div class=\"elementor-widget-container\">\n\t\t\t\t\t\t\t<div class=\"elementor-spacer\">\n\t\t\t<div class=\"elementor-spacer-inner\"><\/div>\n\t\t<\/div>\n\t\t\t\t\t\t<\/div>\n\t\t\t\t<\/div>\n\t\t\t\t<div class=\"elementor-element elementor-element-9df3b35 elementor-widget elementor-widget-text-editor\" data-id=\"9df3b35\" data-element_type=\"widget\" data-e-type=\"widget\" data-widget_type=\"text-editor.default\">\n\t\t\t\t<div class=\"elementor-widget-container\">\n\t\t\t\t\t\t\t\t\t<blockquote><p><strong>\u00ab C&rsquo;est comme une famille. \u00bb<\/strong><\/p><\/blockquote><p>\u00ab J&rsquo;ai vu dans un magazine une annonce de l&rsquo;association qui recrutait un perruquier. J&rsquo;ai un Bac pro perruquier posticheur, alors je me suis pr\u00e9sent\u00e9. Je n&rsquo;avais jamais fait de spectacle avant, je suis venu pour coiffer, mais on m&rsquo;a propos\u00e9 d&rsquo;\u00eatre figurant, alors j&rsquo;ai accept\u00e9 car je suis passionn\u00e9 d&rsquo;histoire, et plus particuli\u00e8rement des XVII et XVIIIe si\u00e8cles. J&rsquo;ai explor\u00e9 ces univers-l\u00e0 \u00e0 travers mes lectures, etc. Ca me passionne. L&rsquo;exp\u00e9rience ACN ? C&rsquo;est super ! Je ne m&rsquo;attendais pas \u00e0 \u00e7a. J&rsquo;ai m\u00eame dirig\u00e9 le choeur, car je suis \u00e9galement musicien : je joue de la trompette et aussi du synth\u00e9tiseur, en autodidacte. Je peux dire que j&rsquo;ai \u00e9t\u00e9 bien accueilli, c&rsquo;est comme une famille.<\/p>\t\t\t\t\t\t\t\t<\/div>\n\t\t\t\t<\/div>\n\t\t\t\t\t<\/div>\n\t\t<\/div>\n\t\t\t\t\t<\/div>\n\t\t<\/section>\n\t\t\t\t<\/div>","protected":false},"featured_media":0,"template":"","benevoles":[16],"class_list":["post-1873","interview","type-interview","status-publish","hentry","benevoles-oui","entry"],"yoast_head":"<!-- This site is optimized with the Yoast SEO plugin v27.4 - https:\/\/yoast.com\/product\/yoast-seo-wordpress\/ -->\n<title>Flavien Ryckelynck (coiffeur, perruquier) - Artois Culture Nature<\/title>\n<meta name=\"robots\" content=\"index, follow, max-snippet:-1, max-image-preview:large, max-video-preview:-1\" \/>\n<link rel=\"canonical\" href=\"https:\/\/www.artoisculturenature.fr\/en\/interview\/flavien-ryckelynck-coiffeur-perruquier\/\" \/>\n<meta property=\"og:locale\" content=\"en_GB\" \/>\n<meta property=\"og:type\" content=\"article\" \/>\n<meta property=\"og:title\" content=\"Flavien Ryckelynck (coiffeur, perruquier) - Artois Culture Nature\" \/>\n<meta property=\"og:description\" content=\"\u00ab C&rsquo;est comme une famille. \u00bb \u00ab J&rsquo;ai vu dans un magazine une annonce de l&rsquo;association qui recrutait un perruquier. J&rsquo;ai un Bac pro perruquier posticheur, alors je me suis pr\u00e9sent\u00e9. Je n&rsquo;avais jamais fait de spectacle avant, je suis venu pour coiffer, mais on m&rsquo;a propos\u00e9 d&rsquo;\u00eatre figurant, alors j&rsquo;ai accept\u00e9 car je suis [&hellip;]\" \/>\n<meta property=\"og:url\" content=\"https:\/\/www.artoisculturenature.fr\/en\/interview\/flavien-ryckelynck-coiffeur-perruquier\/\" \/>\n<meta property=\"og:site_name\" content=\"Artois Culture Nature\" \/>\n<meta property=\"article:publisher\" content=\"https:\/\/www.facebook.com\/artoisculturenature\" \/>\n<meta property=\"article:modified_time\" content=\"2023-10-28T19:09:21+00:00\" \/>\n<meta name=\"twitter:card\" content=\"summary_large_image\" \/>\n<meta name=\"twitter:label1\" content=\"Estimated reading time\" \/>\n\t<meta name=\"twitter:data1\" content=\"1 minute\" \/>\n<script type=\"application\/ld+json\" class=\"yoast-schema-graph\">{\"@context\":\"https:\\\/\\\/schema.org\",\"@graph\":[{\"@type\":\"WebPage\",\"@id\":\"https:\\\/\\\/www.artoisculturenature.fr\\\/interview\\\/flavien-ryckelynck-coiffeur-perruquier\\\/\",\"url\":\"https:\\\/\\\/www.artoisculturenature.fr\\\/interview\\\/flavien-ryckelynck-coiffeur-perruquier\\\/\",\"name\":\"Flavien Ryckelynck (coiffeur, perruquier) - Artois Culture Nature\",\"isPartOf\":{\"@id\":\"https:\\\/\\\/www.artoisculturenature.fr\\\/#website\"},\"datePublished\":\"2023-10-28T19:07:19+00:00\",\"dateModified\":\"2023-10-28T19:09:21+00:00\",\"breadcrumb\":{\"@id\":\"https:\\\/\\\/www.artoisculturenature.fr\\\/interview\\\/flavien-ryckelynck-coiffeur-perruquier\\\/#breadcrumb\"},\"inLanguage\":\"en-GB\",\"potentialAction\":[{\"@type\":\"ReadAction\",\"target\":[\"https:\\\/\\\/www.artoisculturenature.fr\\\/interview\\\/flavien-ryckelynck-coiffeur-perruquier\\\/\"]}]},{\"@type\":\"BreadcrumbList\",\"@id\":\"https:\\\/\\\/www.artoisculturenature.fr\\\/interview\\\/flavien-ryckelynck-coiffeur-perruquier\\\/#breadcrumb\",\"itemListElement\":[{\"@type\":\"ListItem\",\"position\":1,\"name\":\"Accueil\",\"item\":\"https:\\\/\\\/www.artoisculturenature.fr\\\/\"},{\"@type\":\"ListItem\",\"position\":2,\"name\":\"Flavien Ryckelynck (coiffeur, perruquier)\"}]},{\"@type\":\"WebSite\",\"@id\":\"https:\\\/\\\/www.artoisculturenature.fr\\\/#website\",\"url\":\"https:\\\/\\\/www.artoisculturenature.fr\\\/\",\"name\":\"Artois Culture Nature\",\"description\":\"rejoignez-nous !\",\"publisher\":{\"@id\":\"https:\\\/\\\/www.artoisculturenature.fr\\\/#organization\"},\"potentialAction\":[{\"@type\":\"SearchAction\",\"target\":{\"@type\":\"EntryPoint\",\"urlTemplate\":\"https:\\\/\\\/www.artoisculturenature.fr\\\/?s={search_term_string}\"},\"query-input\":{\"@type\":\"PropertyValueSpecification\",\"valueRequired\":true,\"valueName\":\"search_term_string\"}}],\"inLanguage\":\"en-GB\"},{\"@type\":\"Organization\",\"@id\":\"https:\\\/\\\/www.artoisculturenature.fr\\\/#organization\",\"name\":\"Artois Culture Nature\",\"url\":\"https:\\\/\\\/www.artoisculturenature.fr\\\/\",\"logo\":{\"@type\":\"ImageObject\",\"inLanguage\":\"en-GB\",\"@id\":\"https:\\\/\\\/www.artoisculturenature.fr\\\/#\\\/schema\\\/logo\\\/image\\\/\",\"url\":\"https:\\\/\\\/www.artoisculturenature.fr\\\/wp-content\\\/uploads\\\/2022\\\/08\\\/logoACN-.png\",\"contentUrl\":\"https:\\\/\\\/www.artoisculturenature.fr\\\/wp-content\\\/uploads\\\/2022\\\/08\\\/logoACN-.png\",\"width\":150,\"height\":140,\"caption\":\"Artois Culture Nature\"},\"image\":{\"@id\":\"https:\\\/\\\/www.artoisculturenature.fr\\\/#\\\/schema\\\/logo\\\/image\\\/\"},\"sameAs\":[\"https:\\\/\\\/www.facebook.com\\\/artoisculturenature\",\"https:\\\/\\\/www.instagram.com\\\/artoisculturenature\\\/\",\"https:\\\/\\\/www.linkedin.com\\\/company\\\/artois-culture-nature\\\/\"]}]}<\/script>\n<!-- \/ Yoast SEO plugin. -->","yoast_head_json":{"title":"Flavien Ryckelynck (coiffeur, perruquier) - Artois Culture Nature","robots":{"index":"index","follow":"follow","max-snippet":"max-snippet:-1","max-image-preview":"max-image-preview:large","max-video-preview":"max-video-preview:-1"},"canonical":"https:\/\/www.artoisculturenature.fr\/en\/interview\/flavien-ryckelynck-coiffeur-perruquier\/","og_locale":"en_GB","og_type":"article","og_title":"Flavien Ryckelynck (coiffeur, perruquier) - Artois Culture Nature","og_description":"\u00ab C&rsquo;est comme une famille. \u00bb \u00ab J&rsquo;ai vu dans un magazine une annonce de l&rsquo;association qui recrutait un perruquier. J&rsquo;ai un Bac pro perruquier posticheur, alors je me suis pr\u00e9sent\u00e9. Je n&rsquo;avais jamais fait de spectacle avant, je suis venu pour coiffer, mais on m&rsquo;a propos\u00e9 d&rsquo;\u00eatre figurant, alors j&rsquo;ai accept\u00e9 car je suis [&hellip;]","og_url":"https:\/\/www.artoisculturenature.fr\/en\/interview\/flavien-ryckelynck-coiffeur-perruquier\/","og_site_name":"Artois Culture Nature","article_publisher":"https:\/\/www.facebook.com\/artoisculturenature","article_modified_time":"2023-10-28T19:09:21+00:00","twitter_card":"summary_large_image","twitter_misc":{"Estimated reading time":"1 minute"},"schema":{"@context":"https:\/\/schema.org","@graph":[{"@type":"WebPage","@id":"https:\/\/www.artoisculturenature.fr\/interview\/flavien-ryckelynck-coiffeur-perruquier\/","url":"https:\/\/www.artoisculturenature.fr\/interview\/flavien-ryckelynck-coiffeur-perruquier\/","name":"Flavien Ryckelynck (coiffeur, perruquier) - Artois Culture Nature","isPartOf":{"@id":"https:\/\/www.artoisculturenature.fr\/#website"},"datePublished":"2023-10-28T19:07:19+00:00","dateModified":"2023-10-28T19:09:21+00:00","breadcrumb":{"@id":"https:\/\/www.artoisculturenature.fr\/interview\/flavien-ryckelynck-coiffeur-perruquier\/#breadcrumb"},"inLanguage":"en-GB","potentialAction":[{"@type":"ReadAction","target":["https:\/\/www.artoisculturenature.fr\/interview\/flavien-ryckelynck-coiffeur-perruquier\/"]}]},{"@type":"BreadcrumbList","@id":"https:\/\/www.artoisculturenature.fr\/interview\/flavien-ryckelynck-coiffeur-perruquier\/#breadcrumb","itemListElement":[{"@type":"ListItem","position":1,"name":"Accueil","item":"https:\/\/www.artoisculturenature.fr\/"},{"@type":"ListItem","position":2,"name":"Flavien Ryckelynck (coiffeur, perruquier)"}]},{"@type":"WebSite","@id":"https:\/\/www.artoisculturenature.fr\/#website","url":"https:\/\/www.artoisculturenature.fr\/","name":"Artois Culture Nature","description":"rejoignez-nous !","publisher":{"@id":"https:\/\/www.artoisculturenature.fr\/#organization"},"potentialAction":[{"@type":"SearchAction","target":{"@type":"EntryPoint","urlTemplate":"https:\/\/www.artoisculturenature.fr\/?s={search_term_string}"},"query-input":{"@type":"PropertyValueSpecification","valueRequired":true,"valueName":"search_term_string"}}],"inLanguage":"en-GB"},{"@type":"Organization","@id":"https:\/\/www.artoisculturenature.fr\/#organization","name":"Artois Culture Nature","url":"https:\/\/www.artoisculturenature.fr\/","logo":{"@type":"ImageObject","inLanguage":"en-GB","@id":"https:\/\/www.artoisculturenature.fr\/#\/schema\/logo\/image\/","url":"https:\/\/www.artoisculturenature.fr\/wp-content\/uploads\/2022\/08\/logoACN-.png","contentUrl":"https:\/\/www.artoisculturenature.fr\/wp-content\/uploads\/2022\/08\/logoACN-.png","width":150,"height":140,"caption":"Artois Culture Nature"},"image":{"@id":"https:\/\/www.artoisculturenature.fr\/#\/schema\/logo\/image\/"},"sameAs":["https:\/\/www.facebook.com\/artoisculturenature","https:\/\/www.instagram.com\/artoisculturenature\/","https:\/\/www.linkedin.com\/company\/artois-culture-nature\/"]}]}},"_links":{"self":[{"href":"https:\/\/www.artoisculturenature.fr\/en\/wp-json\/wp\/v2\/interview\/1873","targetHints":{"allow":["GET"]}}],"collection":[{"href":"https:\/\/www.artoisculturenature.fr\/en\/wp-json\/wp\/v2\/interview"}],"about":[{"href":"https:\/\/www.artoisculturenature.fr\/en\/wp-json\/wp\/v2\/types\/interview"}],"version-history":[{"count":7,"href":"https:\/\/www.artoisculturenature.fr\/en\/wp-json\/wp\/v2\/interview\/1873\/revisions"}],"predecessor-version":[{"id":1881,"href":"https:\/\/www.artoisculturenature.fr\/en\/wp-json\/wp\/v2\/interview\/1873\/revisions\/1881"}],"wp:attachment":[{"href":"https:\/\/www.artoisculturenature.fr\/en\/wp-json\/wp\/v2\/media?parent=1873"}],"wp:term":[{"taxonomy":"benevoles","embeddable":true,"href":"https:\/\/www.artoisculturenature.fr\/en\/wp-json\/wp\/v2\/benevoles?post=1873"}],"curies":[{"name":"wp","href":"https:\/\/api.w.org\/{rel}","templated":true}]}}

<div data-elementor-type="wp-post" data-elementor-id="1873" class="elementor elementor-1873" data-elementor-post-type="interview">
						<section class="elementor-section elementor-top-section elementor-element elementor-element-4d154edb elementor-section-boxed elementor-section-height-default elementor-section-height-default" data-id="4d154edb" data-element_type="section" data-e-type="section">
						<div class="elementor-container elementor-column-gap-default">
					<div class="elementor-column elementor-col-100 elementor-top-column elementor-element elementor-element-7b905884" data-id="7b905884" data-element_type="column" data-e-type="column">
			<div class="elementor-widget-wrap elementor-element-populated">
						<div class="elementor-element elementor-element-500de6cc elementor-widget elementor-widget-spacer" data-id="500de6cc" data-element_type="widget" data-e-type="widget" data-widget_type="spacer.default">
				<div class="elementor-widget-container">
							<div class="elementor-spacer">
			<div class="elementor-spacer-inner"></div>
		</div>
						</div>
				</div>
				<div class="elementor-element elementor-element-9df3b35 elementor-widget elementor-widget-text-editor" data-id="9df3b35" data-element_type="widget" data-e-type="widget" data-widget_type="text-editor.default">
				<div class="elementor-widget-container">
									<blockquote><p><strong>« C&rsquo;est comme une famille. »</strong></p></blockquote><p>« J&rsquo;ai vu dans un magazine une annonce de l&rsquo;association qui recrutait un perruquier. J&rsquo;ai un Bac pro perruquier posticheur, alors je me suis présenté. Je n&rsquo;avais jamais fait de spectacle avant, je suis venu pour coiffer, mais on m&rsquo;a proposé d&rsquo;être figurant, alors j&rsquo;ai accepté car je suis passionné d&rsquo;histoire, et plus particulièrement des XVII et XVIIIe siècles. J&rsquo;ai exploré ces univers-là à travers mes lectures, etc. Ca me passionne. L&rsquo;expérience ACN ? C&rsquo;est super ! Je ne m&rsquo;attendais pas à ça. J&rsquo;ai même dirigé le choeur, car je suis également musicien : je joue de la trompette et aussi du synthétiseur, en autodidacte. Je peux dire que j&rsquo;ai été bien accueilli, c&rsquo;est comme une famille.</p>								</div>
				</div>
					</div>
		</div>
					</div>
		</section>
				</div>

<!-- This site is optimized with the Yoast SEO plugin v27.4 - https://yoast.com/product/yoast-seo-wordpress/ -->
<title>Flavien Ryckelynck (coiffeur, perruquier) - Artois Culture Nature</title>
<meta name="robots" content="index, follow, max-snippet:-1, max-image-preview:large, max-video-preview:-1" />
<link rel="canonical" href="https://www.artoisculturenature.fr/en/interview/flavien-ryckelynck-coiffeur-perruquier/" />
<meta property="og:locale" content="en_GB" />
<meta property="og:type" content="article" />
<meta property="og:title" content="Flavien Ryckelynck (coiffeur, perruquier) - Artois Culture Nature" />
<meta property="og:description" content="« C&rsquo;est comme une famille. » « J&rsquo;ai vu dans un magazine une annonce de l&rsquo;association qui recrutait un perruquier. J&rsquo;ai un Bac pro perruquier posticheur, alors je me suis présenté. Je n&rsquo;avais jamais fait de spectacle avant, je suis venu pour coiffer, mais on m&rsquo;a proposé d&rsquo;être figurant, alors j&rsquo;ai accepté car je suis [&hellip;]" />
<meta property="og:url" content="https://www.artoisculturenature.fr/en/interview/flavien-ryckelynck-coiffeur-perruquier/" />
<meta property="og:site_name" content="Artois Culture Nature" />
<meta property="article:publisher" content="https://www.facebook.com/artoisculturenature" />
<meta property="article:modified_time" content="2023-10-28T19:09:21+00:00" />
<meta name="twitter:card" content="summary_large_image" />
<meta name="twitter:label1" content="Estimated reading time" />
	<meta name="twitter:data1" content="1 minute" />
<script type="application/ld+json" class="yoast-schema-graph">{"@context":"https:\/\/schema.org","@graph":[{"@type":"WebPage","@id":"https:\/\/www.artoisculturenature.fr\/interview\/flavien-ryckelynck-coiffeur-perruquier\/","url":"https:\/\/www.artoisculturenature.fr\/interview\/flavien-ryckelynck-coiffeur-perruquier\/","name":"Flavien Ryckelynck (coiffeur, perruquier) - Artois Culture Nature","isPartOf":{"@id":"https:\/\/www.artoisculturenature.fr\/#website"},"datePublished":"2023-10-28T19:07:19+00:00","dateModified":"2023-10-28T19:09:21+00:00","breadcrumb":{"@id":"https:\/\/www.artoisculturenature.fr\/interview\/flavien-ryckelynck-coiffeur-perruquier\/#breadcrumb"},"inLanguage":"en-GB","potentialAction":[{"@type":"ReadAction","target":["https:\/\/www.artoisculturenature.fr\/interview\/flavien-ryckelynck-coiffeur-perruquier\/"]}]},{"@type":"BreadcrumbList","@id":"https:\/\/www.artoisculturenature.fr\/interview\/flavien-ryckelynck-coiffeur-perruquier\/#breadcrumb","itemListElement":[{"@type":"ListItem","position":1,"name":"Accueil","item":"https:\/\/www.artoisculturenature.fr\/"},{"@type":"ListItem","position":2,"name":"Flavien Ryckelynck (coiffeur, perruquier)"}]},{"@type":"WebSite","@id":"https:\/\/www.artoisculturenature.fr\/#website","url":"https:\/\/www.artoisculturenature.fr\/","name":"Artois Culture Nature","description":"rejoignez-nous !","publisher":{"@id":"https:\/\/www.artoisculturenature.fr\/#organization"},"potentialAction":[{"@type":"SearchAction","target":{"@type":"EntryPoint","urlTemplate":"https:\/\/www.artoisculturenature.fr\/?s={search_term_string}"},"query-input":{"@type":"PropertyValueSpecification","valueRequired":true,"valueName":"search_term_string"}}],"inLanguage":"en-GB"},{"@type":"Organization","@id":"https:\/\/www.artoisculturenature.fr\/#organization","name":"Artois Culture Nature","url":"https:\/\/www.artoisculturenature.fr\/","logo":{"@type":"ImageObject","inLanguage":"en-GB","@id":"https:\/\/www.artoisculturenature.fr\/#\/schema\/logo\/image\/","url":"https:\/\/www.artoisculturenature.fr\/wp-content\/uploads\/2022\/08\/logoACN-.png","contentUrl":"https:\/\/www.artoisculturenature.fr\/wp-content\/uploads\/2022\/08\/logoACN-.png","width":150,"height":140,"caption":"Artois Culture Nature"},"image":{"@id":"https:\/\/www.artoisculturenature.fr\/#\/schema\/logo\/image\/"},"sameAs":["https:\/\/www.facebook.com\/artoisculturenature","https:\/\/www.instagram.com\/artoisculturenature\/","https:\/\/www.linkedin.com\/company\/artois-culture-nature\/"]}]}</script>
<!-- / Yoast SEO plugin. -->

« C&rsquo;est comme une famille. » « J&rsquo;ai vu dans un magazine une annonce de l&rsquo;association qui recrutait un perruquier. J&rsquo;ai un Bac pro perruquier posticheur, alors je me suis présenté. Je n&rsquo;avais jamais fait de spectacle avant, je suis venu pour coiffer, mais on m&rsquo;a proposé d&rsquo;être figurant, alors j&rsquo;ai accepté car je suis [&hellip;]
